v is divided by u?
27
Suppose 48*b - 65 + 17 = 0. What is the remainder when 77/11 - (0 + 0) is divided by b?
0
Suppose 3*l - 88 = c - 3*c, 8*c + 3*l - 334 = 0. Calculate the remainder when 145 is divided by c.
22
Suppose -2842 - 10469 = -62*i + 11*i. Calculate the remainder when i is divided by 139.
122
Suppose -3*m - 59 = -d + 139, 5*d - m = 1018. What is the remainder when d is divided by 51?
0
Let u(m) = 167*m - 2060. Calculate the remainder when u(14) is divided by 73.
59
Let c(l) = 20*l**2 + 1. Suppose 2*u - 3*u - 5*b = -21, -2*u + 27 = -5*b. Suppose 20*x = u*x + 236. What is the remainder when x is divided by c(1)?
17
Let w(a) = a**2 - 2*a + 12. Calculate the remainder when w(6) is divided by ((-85)/(-20) - 4)/((-4)/(-208)).
10
Let a be (5/((-10)/(-33)))/(3/8). Suppose -5*q + 4*h + a = -4*q, -3*h - 12 = 0. Calculate the remainder when 33 is divided by 42/3*24/q.
9
Let y = 378 - 300. Calculate the remainder when 166 is divided by y.
10
Suppose -942 = -3*o - y, 2*y = -6*o + 3*o + 939. Let p = 411 - o. Calculate the remainder when p is divided by 90.
6
Calculate the remainder when 4265 is divided by (-60)/(-50) + 1476/20.
65
What is the remainder when (537 + 18/(4 + -10))*(-60)/(-45) is divided by 208?
88
Let r(o) = -11*o + 13. Let d(u) = 3 - 3*u**2 - 5 + 2*u**2 - 7*u. Calculate the remainder when r(-2) is divided by d(-5).
3
Let i(y) = y**2 + 4*y - 2. Calculate the remainder when 720700/8100 + (-20)/(-810) is divided by i(-5).
2
Let k(h) = -h**2 + 13*h - 15. Let n be (-8)/(-10) + 648/90. What is the remainder when 49 is divided by k(n)?
24
Let l(x) = -12*x**2 - 5*x + 40. Let p be l(9). Let g = -780 - p. What is the remainder when g is divided by 29?
23
Let n(q) = -4*q + 23. Let y(k) = 2*k**2 - 3*k - 4. Let g be y(4). Suppose 2*h + g = -28. Calculate the remainder when n(h) is divided by 14.
13
Let s = -314 + 441. Suppose -712 = -13*c - s. What is the remainder when 73 is divided by c?
28
Let t = -9662 + 9792. Calculate the remainder when 10659 is divided by t.
129
Suppose -446 = 16*q - 1774. Suppose -16 = 8*o - 104. Calculate the remainder when q is divided by o.
6
Suppose -483*g = -318*g - 330. What is the remainder when 143 is divided by g?
1
Suppose -9 - 11 = -2*s. Let v(i) = 4*i - i + 30 - 8*i + 8*i. What is the remainder when s is divided by v(-9)?
1
Suppose 5*p + 3*p - 112 = 0. Let m(f) = -2*f + 16. Let r be m(6). Suppose r*w = 15*w - 451. Calculate the remainder when w is divided by p.
13
Suppose -17*h - 17 = -119. Calculate the remainder when 1/((-2620)/(-436) - h) is divided by 14.
11
Let u = -8919 + 13769. What is the remainder when u is divided by 21?
20
Let b = 15478 + -15421. Calculate the remainder when 1424 is divided by b.
56
Let m = -641 - -1235. Suppose -2*h = -192 - m. Suppose -14*y = -17*y + h. What is the remainder when y is divided by 33?
32
Let f(o) = 24*o - 18. Let h(t) = -12*t + 9. Let d(a) = 3*f(a) + 5*h(a). Let w(q) = 5*q + 81. Calculate the remainder when d(6) is divided by w(-13).
15
Suppose 4*l = 3*f - 124, 0 = -393*f + 396*f + 2*l - 100. What is the remainder when 931 is divided by f?
31
Suppose -10*q + 11*q = 2. Suppose -s = -q*y - 8, 46 + 18 = 3*s + 2*y. What is the remainder when 60 is divided by s - (-2 + 1)*-2?
12
Let n(a) = -2*a + 386. Calculate the remainder when 437 is divided by n(-19).
13
Let d(q) = 14*q**2 - 216*q + 857. What is the remainder when d(4) is divided by 17?
13
Let w = -18295 - -19146. Calculate the remainder when w is divided by 125.
101
Let r(j) = j**2 - 12*j + 29. Let x be r(6). Let i(y) = -8*y - 45. Calculate the remainder when 61 is divided by i(x).
6
Suppose -5184 = -56*w - 7*w - 99*w. What is the remainder when 703 is divided by w?
31
Let w = 4 - -6. Let m = 15405 - 15066. What is the remainder when m is divided by w?
9
Suppose m - w = 90, 13*m = 17*m - w - 375. What is the remainder when m is divided by 50?
45
Suppose -4*c - i - 20 = 50, -3*c = -2*i + 58. Let h be (-3)/18 - (219/c - -4). Suppose -176 = -h*r + 4*r. Calculate the remainder when r is divided by 23.
21
Let g = 332 + -317. Suppose -y - l = -83, g = -4*l + 11. What is the remainder when 332 is divided by y?
80
Suppose -4*a - 15*w + 14*w + 149 = 0, a = 4*w + 33. Calculate the remainder when 666 is divided by a.
0
Let w = 191 + -194. Let o(k) = -12*k - 18. Calculate the remainder when ((-5)/15)/((-4)/1908) is divided by o(w).
15
Suppose -17*p = 9*p - 16068. Suppose w = -594 + p. Calculate the remainder when 36 is divided by w.
12
Suppose -2*w = -2*p - 5717 - 4247, 19926 = 4*w - 2*p. Calculate the remainder when w is divided by 94.
93
Suppose -17 + 113 = 6*m. What is the remainder when 24 is divided by (36/(-8))/((-6)/m)?
0
Let a be 60/(-1) - (3 + -2 + -1). Let c = a + 75. Suppose -2*l + 33 = 2*i - c, 0 = 2*l. Calculate the remainder when 69 is divided by i.
21
Suppose -147*b = -4253 - 9712. What is the remainder when 303 is divided by b?
18
Suppose 0 = 2*z + 12 - 2. Let l = z - -84. What is the remainder when l is divided by (4 - 48/20)/((-6)/75*-1)?
19
Let f = -69 - -36. Let q = f - -38. Suppose 74 = -q*l + 204. Calculate the remainder when 51 is divided by l.
25
Suppose 3*x = 6*x - 21. Suppose -3*c = 4*c - 280. Suppose 2*t + a - 7 = -2, 3*a = 5*t - c. What is the remainder when x is divided by t?
2
Let y = -41 - -141. Suppose 0 = -19*f + 15*f + y. What is the remainder when 116 is divided by f?
16
Let h be 60/8*66/55. What is the remainder when 324 is divided by (-348)/(-14) + 0 + h/63?
24
Let y = 59 + -10. Let m = y + -49. Calculate the remainder when 114 is divided by 279/9 - (2 + m).
27
Suppose 0 = 4*k + 37*k - 5535. What is the remainder when 184 is divided by k?
49
Let t(u) be the first derivative of u**2 + 2*u - 29. Let y be t(7). Suppose -204 = y*m - 20*m. Calculate the remainder when m is divided by 13.
12
Let y(z) = -z**3 - 25*z**2 - 75*z + 52. Calculate the remainder when y(-22) is divided by 21.
19
Suppose 0 = -u - 54 + 50, 0 = 2*s + 3*u - 190. Calculate the remainder when s is divided by 78.
23
Let f(y) = y**2 - 21*y + 23. Let i be f(20). Let c(s) = 4 - i*s - 62*s**2 + 61*s**2 - 9*s. What is the remainder when c(-7) is divided by 10?
9
Let g = 1335 - 1323. What is the remainder when 416 is divided by g?
8
Let f(o) = o**3 + 13*o**2 - 8*o + 2. Let g be f(-11). What is the remainder when (g/6)/(14/21) is divided by 3 - -3 - ((-6)/(-2) + 36/(-4))?
11
Let a = -7149 + 7907. What is the remainder when 2281 is divided by a?
7
Let r(y) = 241*y - 1305. What is the remainder when r(9) is divided by 214?
8
Let p = 96 - 312. What is the remainder when 63 is divided by (p/(-12))/((-6)/(-9))?
9
Suppose -144*x - 315 = -153*x. What is the remainder when 270 is divided by x?
25
Let i(l) = -2*l**3 - 6*l**2 + 12*l + 14. Let g be i(-4). Let s(j) = 3*j**2 - 6*j - 10. Calculate the remainder when 40 is divided by s(g).
12
Suppose 0 = 3*c + 5*b - 7 - 100, 2*c - 5*b - 88 = 0. Calculate the remainder when (-304)/6*(4/8 + -2) is divided by c.
37
Let c = -161 - -352. Let d = -144 + c. What is the remainder when 59 is divided by d?
12
Suppose -15*p - 1098 = 1197. Let f = p - -164. What is the remainder when 30 is divided by f?
8
Let g = -499 + 985. Calculate the remainder when 75 is divided by 6/(-9)*g/(-12).
21
Suppose k + 0*k = -2*x + 56, 3*k = 3*x - 66. Let v(w) = 0*w - 1 - w - 10*w + x. Calculate the remainder when v(-5) is divided by 21.
17
Suppose 48*m = 51*m - 114. What is the remainder when 105 is divided by m?
29
Suppose -24*p + 3*p + 6009 = -123. Calculate the remainder when 1155 is divided by p.
279
Calculate the remainder when 980 is divided by 7 + (-225)/(-12) + 1 + 28/(-16).
5
Suppose 5*h - 26 = 69. Suppose -115*t = -75*t + 240. Let v = h + t. Calculate the remainder when 89 is divided by v.
11
Let k(w) = -382*w - 3541. What is the remainder when k(-16) is divided by 16?
11
Let s(a) = -19*a + 1. Suppose 17 = 3*j + 5. Suppose -j*d = 2*d - 96. Calculate the remainder when s(-4) is divided by d.
13
Suppose 70 - 5 = 13*j. Suppose 5*i + 40 = 5*r - 0*i, -i = -j*r + 36. Calculate the remainder when r is divided by 2/(-10)*4*-5.
3
Suppose 230 = 203*r - 193*r. What is the remainder when 5218 is divided by r?
20
Let l = -13 + 15. Suppose -l*o = -6, -1211 = -2*x + 9*o - 4*o. What is the remainder when x is divided by 28?
25
C